
Let g be ((-5)/10)/((-2)/(-4)). Let z be (-1526)/(-28) - g/(-2). Calculate the greatest common divisor of z and 486.
54
Let d(g) = -g**3 - 12*g**2 + 16*g + 27. Let y be d(-15). Calculate the greatest common divisor of y and 42.
42
Let i(d) = d**2 - 6*d - 1. Let a be i(11). Let v = a - 46. Calculate the greatest common factor of 88 and v.
8
Let x = -178 + 308. Let v = 28 + 24. What is the highest common divisor of v and x?
26
Let b(w) = 4*w**2 - 8*w - 5. Let v be b(-7). What is the greatest common factor of 114 and v?
19
Let d(m) = -m**3 - 32*m**2 + 29*m - 128. Let f be d(-33). Suppose -4*u = -2*u - 24. Calculate the greatest common factor of f and u.
4
Let k(i) = 6*i - 16. Let d be k(3). Suppose 2*f - 10 = 0, -d*f + 28 = -5*w + 6*w. What is the greatest common factor of 198 and w?
18
Let j = 720 - 713. Calculate the greatest common divisor of 6 and j.
1
Let y(a) = 14*a - 11. Suppose -9 = 4*u - 7*u. Let g be y(u). What is the greatest common factor of 31 and g?
31
Let x = 68 - 78. Let k be (72/16)/(5/(-2))*x. What is the greatest common factor of k and 3?
3
Let z = -5 - -5. Suppose c = -z - 2, 4*q - c - 882 = 0. Calculate the greatest common factor of q and 20.
20
Let z = -128 - -205. Suppose 0 = a - 11 - z. Let l be 112/21*(0 + 3/2). What is the highest common divisor of l and a?
8
Let j be -10*(-5)/20*2. Suppose 3*t + 2*t = -3*i + 59, -j*t = -i - 47. What is the greatest common factor of t and 10?
10
Let x(q) be the first derivative of q**3/3 + q**2 - 24*q + 21. Let c be x(-7). What is the greatest common divisor of c and 11?
11
Let x = 1401 + -1131. Let z be (-227)/(-5) - 2/5. Calculate the greatest common factor of x and z.
45
Let m be 464/12 + 2/6. Let u be 6/(-39) - (-2151)/m. Suppose 3*t + 2*v = u, 1 = 2*v - 3. Calculate the greatest common divisor of 119 and t.
17
Suppose -z + 2*u + 8 = u, 5*z - 8 = -3*u. Suppose 4*v = -0*v + z. Suppose 0*o - o = 3*i - 29, 3*o = -4*i + 47. What is the highest common divisor of v and i?
1
Suppose 0 = 42*t - 37*t - 580. What is the greatest common factor of t and 261?
29
Let o = 50 + -34. Let p(b) = -b**3 - 16*b**2 - 3*b - 24. Let i be p(-16). Calculate the highest common factor of i and o.
8
Let s be (0 - 1)/((-6)/54). What is the highest common divisor of 9 and s?
9
Let k be ((-27)/15)/((-18)/240). What is the highest common divisor of 216 and k?
24
Let l be (14 - (-434)/(-28))*(-28 - 0). What is the highest common factor of 98 and l?
14
Suppose 1 = 3*x - 2. Let b(j) = -3*j - 55*j**2 - j**3 + 29 + 5*j + 43*j**2. Let a be b(-12). Calculate the highest common factor of a and x.
1
Suppose 244 = 15*t + 148 - 264. Let d = 17 - -1. What is the greatest common factor of t and d?
6
Let t be 2/(-3)*(-9 - -15). Let s be t/6 - (-66)/18. Suppose -5*b - 5*z + 79 = -16, s*b + 2*z - 57 = 0. What is the highest common factor of b and 152?
19
Let d be ((-460)/15)/(6/(-45))*1. What is the greatest common factor of d and 20?
10
Suppose -4*f = h - 36, 3*f + 0*h - 4*h - 27 = 0. Calculate the highest common divisor of 81 and f.
9
Let u(t) = t**3 + 19*t**2 + 23*t + 96. Let i be u(-18). What is the highest common divisor of 4 and i?
2
Suppose -5*t - 294 = -2*a, -4*a = a - 5*t - 750. What is the highest common factor of a and 16?
8
Let y(l) = -l**3 + 15*l**2 - 2*l + 532. Let k be y(0). What is the greatest common factor of k and 228?
76
Let n be 15 - (0/3)/4. Let q = n + 0. Suppose -5*j = m - 5 - q, 3*m = 0. Calculate the highest common factor of 28 and j.
4
Let h be 5545*90/525 + (-8)/14. What is the highest common factor of h and 5?
5
Let z(y) = -75*y + 160. Let h be z(-15). Calculate the greatest common divisor of h and 5.
5
Let s be (57/3 - -2)*6. Suppose -4*q + 2*h + 346 = 0, -s - 126 = -3*q + 3*h. Let c = q - 51. Calculate the greatest common divisor of 95 and c.
19
Let r be 2/(-10)*(38 - 43) - -111. What is the greatest common divisor of 896 and r?
112
Suppose -5*u = -152 + 32. What is the highest common divisor of u and 264?
24
Let z(i) = i**3 + 7*i**2 - 24*i - 74. Let v be z(-8). Calculate the highest common divisor of v and 54.
54
Let q = 147 - 238. Let d = -19 - q. Calculate the highest common factor of d and 8.
8
Let y be (-9)/(-15) - (-7)/5. Let m be -114*-1*y/4. Let i be (-19)/((-10)/4 + 2). Calculate the highest common divisor of m and i.
19
Suppose -48*g + 51*g - 1667 = -2*i, 1655 = 3*g - i. What is the greatest common factor of 158 and g?
79
Let f(a) = a**2 + 11*a - 16. Let m(x) = x**3 - 6*x**2 - 8*x - 4. Let l be m(7). Let d be f(l). Let p = d - -17. What is the greatest common divisor of 3 and p?
1
Suppose -r = 2*r - 36. Let s = 49 - 6. Let i be s/4 + 2 - (-3)/(-4). Calculate the highest common divisor of i and r.
12
Let c(t) = t**3 - t**2 - 2*t + 3. Let v be c(2). Suppose -20*s + 114 = -s. What is the greatest common factor of s and v?
3
Let f = -2446 + 2560. Calculate the greatest common divisor of f and 30.
6
Let q(w) = 252*w + 1. Let m be q(1). Let v be 14/(-203) - (-6690)/290. Calculate the greatest common divisor of v and m.
23
Let h be ((-520)/(-30))/26*12*109. Calculate the greatest common divisor of 8 and h.
8
Suppose 5*z + 15 = 2*x - 15, 33 = 5*x - 2*z. Suppose -x*n = -107 - 43. Calculate the highest common divisor of n and 6.
6
Let i be (-6)/4*8/6*-29. Let b = -37 + i. What is the highest common divisor of b and 189?
21
Let j(n) = -n**3 - 5*n**2 - 3*n - 1. Let z be j(-3). Let l = 14 + z. Let h be 2/((-2)/(-16)*1). What is the highest common factor of l and h?
4
Let r be 4/(-26) - 602/(-26). Suppose -2*f + 52 = 3*v, 3*f - 59 = 4*v + v. What is the greatest common divisor of r and f?
23
Suppose 3 = 4*l - a, 4*a + 2 = -4*l + 10. Let n be 3/9 + l*2/3. What is the greatest common factor of 5 and n?
1
Suppose 0 = 34*s - 1568 - 1050. Calculate the highest common divisor of 2926 and s.
77
Suppose h + 5*t = -16, -4*h + 11 = -6*h - 3*t. Let l be (-209)/((h + 5)/(-4)). What is the highest common divisor of l and 19?
19
Suppose 4*j = 47 + 53. Suppose -4*l = 4*n - 0*l - 4, 5*l + j = 0. Let v = -203 + 227. What is the highest common factor of v and n?
6
Suppose -z + 871 + 3363 = 4*u, 2*z - 2120 = -2*u. Calculate the greatest common divisor of u and 46.
46
Let f = 1380 - 995. What is the highest common divisor of 154 and f?
77
Let y = 16 + -9. Suppose -t - 3*p - 1 = 0, -2*t + y*t = -p + 23. Suppose 0 = -t*x + 25 + 155. What is the highest common divisor of 9 and x?
9
Let g = -80 - -84. Suppose g*v - 30 = 314. Calculate the greatest common divisor of 215 and v.
43
Let h be 42/(-9)*(9 - (-1116)/(-84)). What is the highest common divisor of h and 980?
20
Let j = 24 + -5. Let o be 766*(-1)/(-8) - 42/56. What is the greatest common factor of o and j?
19
Let i = 27 - 22. Suppose i*z - 2*z - 270 = 0. Let s = 108 - 72. What is the highest common divisor of z and s?
18
Suppose -2*l + 80 = 3*l. Suppose 0 = r - 4, l - 176 = -m + 4*r. Suppose 22 + 0 = q. Calculate the greatest common divisor of q and m.
22
Suppose -8*p = -1348 - 148. Calculate the highest common divisor of p and 33.
11
Let m(f) = -f**2 - 8*f - 2. Let q be m(-10). Let p = -11 - q. Let d be (33/(-6))/(3/(-6)). What is the highest common factor of p and d?
11
Let h(f) = f**3 + 6*f**2 - 2*f - 5. Let l be h(-6). Let o = 274 + -267. Calculate the greatest common factor of o and l.
7
Let n be 2 + -2 - (0 - -5). Let j(r) = r**2 + 3*r - 6. Let a be j(n). Suppose -z + 525 = a*z. What is the highest common factor of z and 42?
21
Suppose 6*w - 191 - 223 = 0. What is the highest common divisor of 115 and w?
23
Suppose -1218 = -52*n + 2734. Calculate the highest common divisor of n and 342.
38
Let l = -54 + 146. Calculate the highest common factor of l and 4.
4
Let n = -17 + 13. Let t be n/1 - (-5385)/3. Let g be t/45 - 2/(-10). Calculate the greatest common factor of g and 100.
20
Let b = -321 + 817. Calculate the greatest common divisor of b and 32.
16
Suppose 4513 - 1769 = 28*o. Suppose -2*g = 2*l - 24, -2*g - 5*l + 20 = -l. What is the greatest common factor of g and o?
14
Let d(n) = 6*n - 15. Let v be d(7). Suppose 0 = -2*k + v - 3. Calculate the highest common divisor of 156 and k.
12
Let n be (-6)/21 - 36/21. Let q(s) = -101*s + 5. Let z be q(n). What is the highest common divisor of z and 23?
23
Suppose -4*q + 133 = -119. Let c(y) = -y**2 + 10*y. Let z = 19 